t is -2222122 - 12?
-2222211
In base 3, what is -10102 + -2002?
-12111
In base 14, what is -4 - 74?
-78
In base 12, what is 3 + -43?
-40
In base 9, what is -112 - -36?
-65
In base 3, what is -10222112 - 12?
-10222201
In base 15, what is 2 + 650?
652
In base 2, what is 11010010001 + 1?
11010010010
In base 14, what is -5 - 1a?
-21
In base 10, what is -8 + -61?
-69
In base 14, what is 0 - -143?
143
In base 13, what is -2a5 - 2?
-2a7
In base 9, what is -12 - 2061?
-2073
In base 3, what is -12 + 2000?
1211
In base 2, what is 11000 + -11101?
-101
In base 11, what is -43 - 2?
-45
In base 9, what is -667 - -25?
-642
In base 14, what is -12 - 16?
-28
In base 3, what is -1001 - 12?
-1020
In base 6, what is 40 - -22?
102
In base 16, what is -2d + b?
-22
In base 2, what is 100011101001 - -101?
100011101110
In base 15, what is -4 + -544?
-548
In base 14, what is bd + 9?
c8
In base 6, what is -15 + 14244?
14225
In base 5, what is 0 + 2033?
2033
In base 9, what is 1 + -62?
-61
In base 6, what is 3 + 35?
42
In base 12, what is -63b6 - 3?
-63b9
In base 10, what is 2 - 504?
-502
In base 16, what is -34 - c8?
-fc
In base 9, what is -2175 + 2?
-2173
In base 12, what is -5 - 115?
-11a
In base 16, what is 0 + 9c?
9c
In base 15, what is -2 + 2?
0
In base 15, what is 1a - 6?
14
In base 6, what is -3 - -4535?
4532
In base 13, what is -7 + c?
5
In base 2, what is -1 - 11?
-100
In base 2, what is -11111011 - 1?
-11111100
In base 7, what is -403 - 115?
-521
In base 11, what is 522 - -1?
523
In base 10, what is 27 + -28?
-1
In base 3, what is 2 + 11?
20
In base 14, what is 20 + -8?
16
In base 10, what is 3495 + -5?
3490
In base 7, what is 120 + -6?
111
In base 7, what is 5 + 23300?
23305
In base 16, what is 2 - -20?
22
In base 6, what is -23 + 15?
-4
In base 16, what is -4 + 255?
251
In base 3, what is 11122020 - -12?
11122102
In base 4, what is 12 - -300?
312
In base 6, what is -13 - 144?
-201
In base 3, what is -20 + -10001?
-10021
In base 6, what is 5 + 4322?
4331
In base 8, what is 5 + -205?
-200
In base 8, what is -52521 + 5?
-52514
In base 15, what is 1 - -117a?
117b
In base 5, what is -2 - -44?
42
In base 14, what is -159 + -1?
-15a
In base 14, what is 6 - -65?
6b
In base 3, what is -101010 - 1?
-101011
In base 15, what is 3d0 + 1?
3d1
In base 11, what is 4 - -43a3?
43a7
In base 6, what is -12 - 300?
-312
In base 4, what is -10 + 303?
233
In base 9, what is 146 - -6?
153
In base 10, what is 0 - -132?
132
In base 15, what is 0 + b8?
b8
In base 3, what is -10 - -111202?
111122
In base 8, what is -3444 + -11?
-3455
In base 4, what is -302 + 11?
-231
In base 14, what is 5 + -c1?
-ba
In base 2, what is -100 + 11?
-1
In base 5, what is 112 + -40?
22
In base 10, what is 15 + 11?
26
In base 9, what is 453 - 42?
411
In base 10, what is 0 - -3580?
3580
In base 13, what is -10 + -14?
-24
In base 12, what is 9 + 10?
19
In base 7, what is 1 - -65?
66
In base 2, what is -1 - 11100?
-11101
In base 4, what is 10300 + 3?
10303
In base 7, what is 1420 - 4?
1413
In base 16, what is -c2 - 5?
-c7
In base 6, what is 4 + -14445?
-14441
In base 3, what is -11 - -10121?
10110
In base 6, what is 5 + -131?
-122
In base 16, what is -11 - -1d7?
1c6
In base 2, what is 1001 - -10011?
11100
In base 4, what is 103 - -1012?
1121
In base 7, what is 60105 - -3?
60111
In base 15, what is 20a + -1?
209
In base 10, what is 3 - -51?
54
In base 13, what is 6b5 - 2?
6b3
In base 13, what is 3 - -1c?
22
In base 3, what is 10 - 2?
1
In base 2, what is 1101 + -1111100?
-1101111
In base 15, what is e - -c?
1b
In base 15, what is -1 + -21?
-22
In base 15, what is -642 - -3?
-63e
In base 6, what is -11022 - -1?
-11021
In base 10, what is 4 + 211?
215
In base 7, what is -326 - 62?
-421
In base 7, what is -124 + 201?
44
In base 15, what is 3e - 1e8?
-1a9
In base 8, what is 152 - 1?
151
In base 12, what is -11 - -5?
-8
In base 6, what is 255 - 0?
255
In base 3, what is -12 + 111101?
111012
In base 15, what is 240 - 2?
23d
In base 3, what is -11220 + 2201?
-2012
In base 15, what is 2 - -11?
13
In base 3, what is 20010 - -1?
20011
In base 12, what is 5 - 5?
0
In base 4, what is -11 + -32200?
-32211
In base 6, what is -31 + 24?
-3
In base 4, what is -113200 + -100?
-113300
In base 16, what is 10 + -4e?
-3e
In base 13, what is -bcc + 5?
-bc7
In base 2, what is 1011 - 1011000?
-1001101
In base 15, what is 5 + 267d?
2683
In base 6, what is 112 - -3?
115
In base 11, what is 63 - 136?
-83
In base 8, what is -4 - 12646?
-12652
In base 7, what is -4 - -50?
43
In base 16, what is a0 - 1e?
82
In base 2, what is -1 + -11000011?
-11000100
In base 11, what is 79 - -129?
1a7
In base 7, what is -16013 - -1?
-16012
In base 6, what is -112 + -125?
-241
In base 6, what is -105 - 3?
-112
In base 7, what is -6 + 3243?
3234
In base 16, what is -33 - -163?
130
In base 16, what is d4 - 0?
d4
In base 2, what is -111 - 1000010011?
-1000011010
In base 3, what is -111 - -220?
102
In base 6, what is -102 - -353?
251
In base 16, what is -20 - 356?
-376
In base 8, what is -103 + 5?
-76
In base 10, what is 1075 - 12?
1063
In base 14, what is 3 + 9?
c
In base 2, what is 10110011 + -100?
10101111
In base 3, what is -1022 + 1000?
-22
In base 2, what is 100 - -101001110?
101010010
In base 5, what is -211 - 220?
-431
In base 5, what is 0 + -1221?
-1221
In base 8, what is 7221 - 5?
7214
In base 9, what is 0 + -6?
-6
In base 12, what is -26 + -26b?
-295
In base 9, what is -178 - 2?
-181
In base 13, what is 2 + 33?
35
In base 11, what is -33 + -251?
-284
In base 11, what is -97 + 12?
-85
In base 2, what is -1 - 10001001100?
-10001001101
In base 16, what is -8 - -2?
-6
In base 2, what is 10011111 - 101?
10011010
In base 4, what is -322 - 2202?
-3130
In base 11, what is 532 - 5?
528
In base 5, what is 3 - -402?
410
In base 4, what is 0 + 1332?
1332
In base 15, what is 6c + d?
7a
In base 6, what is -14 + 1143?
1125
In base 5, what is -310 - -21?
-234
In base 6, what is -4 - -1?
-3
In base 9, what is 648 + 1?
650
In base 7, what is -13 + -1?
-14
In base 13, what is -a4 - 25?
-c9
In base 3, what is 222 + -2210?
-1211
In base 11, what is -4 - 2204?
-2208
In base 2, what is -1110101 + 10?
-1110011
In base 15, what is -56ac - 0?
-56ac
In base 14, what is 0 - 5b?
-5b
In base 2, what is -100101 - -1011?
-11010
In base 4, what is 21 + -12?
3
In base 12, what is 139 - -1?
13a
In base 12, what is -9 + 575?
568
In base 7, what is 213 - 4?
206
In base 15, what is 2a - 9?
21
In base 13, what is 3 - -48?
4b
In base 7, what is -3 + -50?
-53
In base 10, what is 83204 - -5?
83209
In base 6, what is 34 - 400?
-322
In base 10, what is 7 + 707?
714
In base 4, what is 0 - -10001?
10001
In base 13, what is -5 + 19c?
197
In base 8, what is -4 + 676?
672
In base 16, what is 13c - -b?
147
In base 8, what is 42 - 341?
-277
In base 8, what is -1 - 56?
-57
In base 6, what is -2 - 122?
-124
In base 6, what is 113 + -44?
25
In base 15, what is 22 + 5?
27
In base 2, what is 11010010101 - 101?
11010010000
In base 15, what is b8c - c?
b80
In base 15, what is -32a - 0?
-32a
In base 11, what is -47 + -4?
-50
In base 16, what is -6bf7 - -4?
-6bf3
In base 5, what is -23 + 10?
-13
In base 15, what is -e + 50?
41
In base 14, what is -72 - 3?
-75
In base 8, what is -14546 + 3?
-14543
In base 5, what is -40 + -33?
-123
In base 12, what is 8 + -1a7?
-19b
In base 16, what is 11c1 + -2?
11bf
In base 9, what is -334 - -15?
-318
In base 4, what is 23 - -11332?
12021
In base 7, what is -1 + -13551?
-13552
In base 5, what is -3 + -340?
-343
In base 13, what is 5 + -37?
-32
In base 14, what is -4 - 26?
-2a
In base 15, what is 4 - 59?
-55
In base 9, what is 4301 + -3?
4287
In base 9, what is 854 + 4?
858
In base 6, what is 2 - -11?
13
In base 15, what is 8 - 10a?
-102
In base 16, what is -3e3e - 0?
-3e3e
In base 6, what is 142 - -151?
333
In base 12, what is 1a + -2b2?
-294
In base 7, what is -34 - -145?
111
In base 6, what is 15 - -151?
210
In base 6, what is -4013 + -1?
-4014
In base 4, what is -10 - -102?
32
In base 15, what is 230 - -1?
231
In base 11, what is -5 + -136?
-140
In base 10, what is -3059 - 0?
-3059
In base 8, what is 30744 - 4?
30740
In base 9, what is 30 - -5?
35
In base 5, what is 0 - 12321?
-12321
In base 10, what is -137 + 18?
-119
In base 16, what is 1 - -a?
b
In base 6, what is 3